 -2)
-58
What is the value of -1 - -2 - ((4 + 18 - 24) + -3)?
6
12 + 6 + -44 + 34
8
Calculate 0 + 130 + -25 + (-41 - (69 - 125)).
120
Evaluate (4 + -2 - -13) + (104 - (-92 - -202)) - 110.
-101
-63 + 86 + -12 + -20 + -4
-13
Calculate -125 + 53 + -4 + 53.
-23
What is the value of -1 + 3 + -10 + 0 + (-311 - -75 - -234)?
-10
Calculate 59 - (40 - 50 - (-43 - -59)).
85
90 - (16 + 13 + 21)
40
What is 8 + -101 + (130 - 94)?
-57
What is 277 + -308 + 1 + -12 + 8?
-34
Calculate 2 + 0 - (-40 + 24 - (-4 + -41 - 11)).
-38
(-6 + -12 + 25 - (2 - 1)) + 41
47
What is the value of 12 + (14 - 24) + -4?
-2
Evaluate -112 - (-41 - -74) - -120.
-25
What is the value of 5 - ((3 + -6 + 1 - -48) + (7 - 18))?
-30
What is 559 + -450 + -125 + 10?
-6
Calculate 1 + 7 + -4 + 13 + 11 + 88 + -16.
100
168 + (157 - 323 - -39)
41
Calculate 103 + 42 + -128 + -22.
-5
What is the value of (1265 - 1256) + (2 - 15)?
-4
What is (3212 - 3208) + (3 - 0 - (-2 + -7) - -1)?
17
-4 - (27 + 64 + -125)
30
What is the value of -11 - (((-2 - 16) + 10 - -10) + -4 - -5)?
-14
Calculate 10 + (41 - -18) - (18 - 2).
53
Calculate -14 + -1 + 94 + -88.
-9
What is -16 - (-96 - (29 - (-30 - -62)))?
77
Calculate (-9 + 10 - 1) + (48 - (-11 + (-12 - -15))).
56
Calculate 79 + (-18 + 68 + -45 - (9 + -2)).
77
Calculate -7 - (-2 - 14) - (36 + 8 + -8).
-27
-59 + 66 - (-77 + -7)
91
What is 1 + 39 + -37 + (7 - (3 + -3 + 3))?
7
What is the value of -10 + (-67 + (2 - 9) - -3) - -15?
-66
What is the value of -3 + 33 + -12 + (5 - -19)?
42
What is the value of 31 - ((25 - (55 - 18)) + 0)?
43
What is the value of -92 + (-31 - (-15 + -24)) - -24?
-60
What is the value of -32 - ((222 - 246) + (9 - -1))?
-18
What is the value of (-29 - 0) + 677 + -743 - 21?
-116
What is the value of 5 + -34 + (18 - 1)?
-12
What is the value of -108 + (-28 - (87 + -220))?
-3
What is the value of (3 - 11) + -427 + 416?
-19
What is 3 - 10 - 4 - (18 + 101)?
-130
Evaluate (12 - -54) + (-15 - (-26 - -33)).
44
Calculate -2 + 4 - (-7 + 0 - -1) - (13180 + -13242).
70
Evaluate 33 + 76 + -63 - 124.
-78
Calculate 10 + (3 - ((7 - -9) + -17)) + -7.
7
What is 8 - 3 - ((0 - 0) + -2 + 788 + -764)?
-17
-8 + 16 + -128 + 17
-103
(-27 - -45) + -54 + 4 + -10
-42
75 - (-35 - (72 - 156))
26
Evaluate -2 + -15 - (-90 + (128 - 19)).
-36
What is the value of 3 + 23 + -19 + -26 - 105 - -12?
-112
Evaluate 148 + (-13 - (10 - (-4 - -20))) + (39 - 42).
138
Evaluate -53 + 2 + -2 + 32.
-21
160 + -211 - (-35 - 11) - (-1 - (75 - 2))
69
Evaluate -279 - -308 - (8 - -64).
-43
What is (7 - 17) + (-528 - -539)?
1
-11 - ((-1674 - -1655) + 2 + 74 + -1)
-67
50 + 4 - (-63 + 79 - (13 + -3 + -3))
45
Calculate 66 - (-26 - (-13 - 60) - 20).
39
What is (47 - (12 + 8)) + -36 + 69?
60
What is -36 + (-37 - -8) + (-135 - -181)?
-19
What is the value of 44 - -62 - 91 - (-24 - -1)?
38
Calculate (-25 - (4 - (25 + -11))) + -8 + 18 + 156.
151
What is the value of -6 - 3 - (1 - (19 - 9)) - (-43 + 12)?
31
What is 12 + -5 + 2 - (17 - 7 - 1)?
0
Evaluate -594 + 574 - (10 + -1) - 35.
-64
What is the value of (5 - -3 - (25 - 34)) + -12 + 5 - -32?
42
What is the value of (-266 + 72 - -82) + 72?
-40
Evaluate -10 + 2 + -533 + 491.
-50
What is -3 - -15 - ((-20 - -9) + 6 - 12)?
29
79 + 10 + -32 + 5 - -19 - -7
88
What is the value of -414 + 446 + 36 + 14 + -7?
75
Evaluate (2 + -10 - 2) + (-16 - 0 - (2010 + -2099)).
63
What is the value of -27 - (-95 + 151 - -36)?
-119
Evaluate 2 - (13 + 2 - 35 - -71).
-49
Calculate -61 - (-78 + 11) - (46 - 0).
-40
0 + 14 - ((10 - 13 - -6) + 12 + -7)
6
What is 52 + (-55 - -44 - 90)?
-49
(39 - 1) + (-45 - -55) + -26
22
What is -22 - (-19 + 9) - (-26 - -7) - 41?
-34
Calculate 4 + -1 + (33 - ((14 + -8 - -18) + -16)).
28
What is the value of 13 - (-10 + 26) - (-1 + -23 + 12 + -7)?
16
Evaluate 22 - (-77 + 21 + 61).
17
-13 - (-2 + 11 + -15 + -1 - 5)
-1
Evaluate (-56 - -6 - -15) + -11 + (18 - 9).
-37
Evaluate 0 + 23 + -12506 + 12406.
-77
What is the value of -2 - -6 - (2 + -12 + -19)?
33
Calculate 10 + (13 - -9) + -41 + 11 + -134.
-132
Calculate 14 + 81 + -36 - 16.
43
Evaluate (128 - 154) + (28 - -11).
13
What is (0 + -7 + (13 - 14) - (-19 + 19)) + 29?
21
What is the value of 50 + -5 + 8 - (-384 - -378)?
59
What is (-15 + 21 + 6 - 6) + 34 + 9?
49
What is -35 + 10 - (0 - (-21 + 5 - -7) - -4)?
-38
Calculate 38 - 4 - (-14 + -15 + (-31 - -56)).
38
What is the value of (27 - 26) + -2 + -122 - (40 - 27)?
-136
Calculate 0 - (1 + -1 + (-115 - (-7 - (48 - 25)))).
85
What is (-2 - 19) + (-141 - (-81 - 59))?
-22
Evaluate 16 - (2 + -5 - (103 + -97)).
25
Evaluate 360 + -349 + (-1 - (2 + (8 - -1))).
-1
Calculate 214 + (285 + -148 - 284).
67
-71 + 40 - (4 - 4)
-31
Calculate -18 + (30 - (-41 - -16)).
37
37 + (15 - 19 - -1 - 13) - 13
8
Calculate -6 + 9 - 76 - (185 + -204).
-54
Evaluate (-64 - (3 - -4) - 7) + -6.
-84
What is the value of -23 + -1 + (-45 + (-2 - -14) - -57)?
0
35 + -14 + 10 + (-9 - (-2 + 4))
20
67 + -96 + 49 + 31
51
31 + -22 + 4 + -44 + -24
-55
What is 3 + 10 - -106 - (-13 - -8 - -13)?
111
Evaluate (62 - 34 - (-4 - 41)) + -3 + (-10 - -3).
63
Evaluate (2 - 2 - -5) + -84 + 48 + 3.
-28
-20 + (22 - (5 - 9 - (-41 - -30))) + -10
-15
Evaluate (8 - (-31 + 19)) + 8 + 13.
41
Evaluate -12 - ((34 - (-42 - -61)) + (-9 - 1) - 87).
70
Evaluate -6 + (33 - 56) + 6 + 6 - 115.
-132
Evaluate -1 + -66 - (8 + -6) - (216 + -219).
-66
Evaluate 2 + 58 + -19 + -1 + -14.
26
Calculate 7 - 39 - -28 - (93 + 4 + -10).
-91
Evaluate 4 + -1 + (0 - -140) + -15688 + 15665.
120
Evaluate -45 - (-42 + 55 - 63).
5
Calculate -96 - (-80 - -32) - -26.
-22
Evaluate -39 - (-15 - 1 - -3 - (-364 + 365)).
-25
What is -21 + 6 + -3 + (-46 - -76) + -85?
-73
Evaluate -16 + 18 + (1 + -24 - -2).
-19
What is the value of 132 + -80 - 192 - (-45 - 4)?
-91
What is the value of (2 - 33 - 7) + -5 + -1 + (7 - 4)?
-41
What is the value of -26 - (38 - (14 + -5 + 6))?
-49
What is the value of -10 + (-8 - -17) + 3 + -5 - (44 + -2)?
-45
Calculate (-23 - -11) + 6 + (-2 - 83) + (9 - -1).
-81
Calculate 21 - (56 + -24) - (13 + -2).
-22
What is -2 + 18 + (-337 + 161 - -295)?
135
What is 1375 - 1361 - (-21 + -2)?
37
Calculate -24 - ((-11 - 4) + 24 + 4).
-37
-43 + 79 + -30 + (0 + -32 - 2)
-28
((22 - 33) + 2 - (-16 - -1) - 8) + -11
-13
What is (2562 + -2525 - (1 + 49)) + -1 + 35?
21
12 + 20 + (-100 - -88) + (1 - (0 + -1))
22
Evaluate 0 + -1 + 20 + -12256 + 12111.
-126
Calculate -26 + 22 + (52 + -68 - -14).
-6
Evaluate -97 + (-7 + 25 + -2 - (16 + -1)).
-96
What is the value of (23 - 22) + 3 + (1 - 19)?
-14
What is the value of 0 + (2 - 4 - -110) + 17 + (16 - 25)?
116
What is (-5 - 0) + (-30 - (0 - ((13 - 3) + 0)))?
-25
What is (3 - (11 - 16 - (-3 + -8))) + -41?
-44
-7 - (3 - (42 + -4) - (10 + -5) - -7)
26
What is the value of 8 + (-5 - 25) + (-213 - -190)?
-45
Calculate 1559 - 1580 - (2 - -103 - 3).
-123
What is -31 + 46 + -19 + (10 - -8) + (0 - 152)?
-138
What is (74 - 0) + (-11710 - -11612)?
-24
Calculate 163 - -13 - 86 - (-1 + (0 - -8)).
83
Calculate 36 + -68 + 42 - (-22 - -2).
30
What is (-1 - -2 - (13 - 53)) + 1647 + -1665?
23
(4691 - 4677) + (0 - 26)
-12
Evaluate -6 + (5 - -7) - 20 - (30 - (31 - 113)).
-126
Calculate -29 + (147 - (15 + 5)) + -7.
91
What is (-17 + 13 - -27) + -26 - (4 + 0)?
-7
What is -82 - -61 - (23 + (2 - 5))?
-41
Calculate (78 - (5 - 3 - 5)) + 563 + -552.
92
-2 - (3 + -40 + 0) - (-338 - -327)
46
What is -16 + (132 + -66 - (0 - -11))?
39
What is the value of 6 + -3 - (-144 - -158)?
-11
What is (10 - 2 - (4 - 5)) + 1 + -14?
-4
What is 0 - -28 - (131 + -23 - 40)?
-40
What is (-137 - -324 - 167) + (0 - 8) + 0?
12
What is (-1 - (-3 + (7 - 0))) + -25 + -17 + 34?
-13
What is 23 - (-71 + 68) - 0?
26
Evaluate -187 - -122 - (-1 + 7 + -5 + -8).
-58
(1 - (-18 + 7)) + 15 + -78
-51
What is (-3 - -1 - -9 - (-7 + -2 + 8)) + 26?
34
What is the value of 37 + -43 - (-19 + -4) - (16 + 8)?
-7
Calculate -9 + 0 + -15 + (14 - -10 - (-25 - -48)).
-23
-1 - (-14 - 1) - (65 + 50 + (-146 - -27))
18
Evaluate -60 + 156 - (23 + (-14 - -4) + 3).
80
What is the value of 85 - (-13 - (11 - 59))?
50
What is the value of -8 - ((59 - 1) + (201 - 200))?
-67
What is (-4 - -18) + -91 + 63 + -8 - 10?
-32
Calculate 57 + (4 - 4) + -3 - (-469 - -474).
49
-59 - -52 - ((4 + 7 - 79) + 4)
57
What is the value of (252 - 140) + -66 - (1 + -4)?
49
Calculate -133 - -49 - (8 - 54).
-38
Cal